{"id":2017,"date":"2021-03-23T11:47:09","date_gmt":"2021-03-23T10:47:09","guid":{"rendered":"https:\/\/projekte2.hs-magdeburg.de\/praxisreflektiert\/?post_type=educase&#038;p=2017"},"modified":"2021-03-24T13:15:08","modified_gmt":"2021-03-24T12:15:08","slug":"zwischen-freiheit-und-zwang","status":"publish","type":"educase","link":"https:\/\/projekte2.hs-magdeburg.de\/praxisreflektiert\/educase\/zwischen-freiheit-und-zwang\/","title":{"rendered":"Zwischen Freiheit und Zwang"},"content":{"rendered":"<p>Ich habe mein Auslandspraktikum in einer \u00f6sterreichischen Stadt in einer privaten Krabbelgruppe f\u00fcr die 0-3 J\u00e4hrigen absolviert und mich w\u00e4hrend des Praktikums dazu entschieden, ein Angebot mit den Kindern zu machen. Auf einem gro\u00dfen Abschnitt Tapete habe ich zusammen mit den Jungen und M\u00e4dchen ihre Handinnenfl\u00e4chen mit verschiedenen Farben, die sie sich selbst aussuchen konnten, bemalt, um anschlie\u00dfend den Handabdruck auf der Tapete zu verewigen.<\/p>\n<p>Nun fehlte nur noch der Handabdruck von Julian (2). Als er gegen 8.30 Uhr von seiner Mutter in die Krabbelgruppe gebracht wurde, gab ich ihm etwas Zeit, um in aller Ruhe anzukommen. Dann kniete ich mich hin und sagte zu Julian: \u201eJulian, ich habe eine ganz tolle Idee: Wir malen deine Hand mit einer ganz sch\u00f6nen Farbe an und legen sie dann auf die Tapete. Du brauchst auch gar keine Angst haben, die Farbe waschen wir dann wieder ab mit Wasser.\u201c Julian schaute mich mit ernster Miene an und sagte: \u201eNein!\u201c Ich nahm ihn in meinen linken Arm und sagte: \u201eSchau mal Julian, die anderen Kinder haben das auch schon gemacht und es schaut so lustig aus, wenn die H\u00e4nde ganz bunt sind.\u201c<br \/>\nDann nahm ich seine Hand und redete ihm gut zu: \u201eKomm, wir schauen uns mal an, wie die anderen Kinder das gemacht haben.\u201c Doch Julian zog seine Hand zur\u00fcck und sagte erneut nein. Dann griff meine Kollegin ein und auch sie versuchte vergebens, ihn davon zu \u00fcberzeugen, es sich anzusehen oder gar zu probieren. Wenig sp\u00e4ter kam die Chefin in die Krabbelgruppe und sah mich mit Julian, wie ich erneut versuchte, ihn an die Hand zu nehmen. Da es bereits kurz vor 9 Uhr war und der Morgenkreis gleich begann, kam meine Chefin auf mich zu und fragte, was denn los sei. Ich erkl\u00e4rte ihr die Situation, dass ich Julian von meinem Vorhaben nicht \u00fcberzeugen konnte, ihn aber auch nicht dazu zwingen wollte. Sie meinte daraufhin zu mir: \u201eWir haben keine Zeit und wollen mit dem Morgenkreis beginnen.\u201c Dann packte sie Julian unter den Armen und setzte ihn auf den Stuhl mit den Worten: \u201eSo machen wir das hier!\u201c<\/p>\n","protected":false},"author":5,"featured_media":0,"parent":0,"comment_status":"open","ping_status":"closed","template":"","meta":{"footnotes":""},"educase-activityfield":[81],"educase-tag":[153,152],"class_list":["post-2017","educase","type-educase","status-publish","hentry","educase-activityfield-krippe","educase-tag-partizipation","educase-tag-zwang"],"_links":{"self":[{"href":"https:\/\/projekte2.hs-magdeburg.de\/praxisreflektiert\/wp-json\/wp\/v2\/educase\/2017"}],"collection":[{"href":"https:\/\/projekte2.hs-magdeburg.de\/praxisreflektiert\/wp-json\/wp\/v2\/educase"}],"about":[{"href":"https:\/\/projekte2.hs-magdeburg.de\/praxisreflektiert\/wp-json\/wp\/v2\/types\/educase"}],"author":[{"embeddable":true,"href":"https:\/\/projekte2.hs-magdeburg.de\/praxisreflektiert\/wp-json\/wp\/v2\/users\/5"}],"replies":[{"embeddable":true,"href":"https:\/\/projekte2.hs-magdeburg.de\/praxisreflektiert\/wp-json\/wp\/v2\/comments?post=2017"}],"version-history":[{"count":2,"href":"https:\/\/projekte2.hs-magdeburg.de\/praxisreflektiert\/wp-json\/wp\/v2\/educase\/2017\/revisions"}],"predecessor-version":[{"id":2325,"href":"https:\/\/projekte2.hs-magdeburg.de\/praxisreflektiert\/wp-json\/wp\/v2\/educase\/2017\/revisions\/2325"}],"wp:attachment":[{"href":"https:\/\/projekte2.hs-magdeburg.de\/praxisreflektiert\/wp-json\/wp\/v2\/media?parent=2017"}],"wp:term":[{"taxonomy":"educase-activityfield","embeddable":true,"href":"https:\/\/projekte2.hs-magdeburg.de\/praxisreflektiert\/wp-json\/wp\/v2\/educase-activityfield?post=2017"},{"taxonomy":"educase-tag","embeddable":true,"href":"https:\/\/projekte2.hs-magdeburg.de\/praxisreflektiert\/wp-json\/wp\/v2\/educase-tag?post=2017"}],"curies":[{"name":"wp","href":"https:\/\/api.w.org\/{rel}","templated":true}]}}

<p>Ich habe mein Auslandspraktikum in einer österreichischen Stadt in einer privaten Krabbelgruppe für die 0-3 Jährigen absolviert und mich während des Praktikums dazu entschieden, ein Angebot mit den Kindern zu machen. Auf einem großen Abschnitt Tapete habe ich zusammen mit den Jungen und Mädchen ihre Handinnenflächen mit verschiedenen Farben, die sie sich selbst aussuchen konnten, bemalt, um anschließend den Handabdruck auf der Tapete zu verewigen.</p>
<p>Nun fehlte nur noch der Handabdruck von Julian (2). Als er gegen 8.30 Uhr von seiner Mutter in die Krabbelgruppe gebracht wurde, gab ich ihm etwas Zeit, um in aller Ruhe anzukommen. Dann kniete ich mich hin und sagte zu Julian: „Julian, ich habe eine ganz tolle Idee: Wir malen deine Hand mit einer ganz schönen Farbe an und legen sie dann auf die Tapete. Du brauchst auch gar keine Angst haben, die Farbe waschen wir dann wieder ab mit Wasser.“ Julian schaute mich mit ernster Miene an und sagte: „Nein!“ Ich nahm ihn in meinen linken Arm und sagte: „Schau mal Julian, die anderen Kinder haben das auch schon gemacht und es schaut so lustig aus, wenn die Hände ganz bunt sind.“<br />
Dann nahm ich seine Hand und redete ihm gut zu: „Komm, wir schauen uns mal an, wie die anderen Kinder das gemacht haben.“ Doch Julian zog seine Hand zurück und sagte erneut nein. Dann griff meine Kollegin ein und auch sie versuchte vergebens, ihn davon zu überzeugen, es sich anzusehen oder gar zu probieren. Wenig später kam die Chefin in die Krabbelgruppe und sah mich mit Julian, wie ich erneut versuchte, ihn an die Hand zu nehmen. Da es bereits kurz vor 9 Uhr war und der Morgenkreis gleich begann, kam meine Chefin auf mich zu und fragte, was denn los sei. Ich erklärte ihr die Situation, dass ich Julian von meinem Vorhaben nicht überzeugen konnte, ihn aber auch nicht dazu zwingen wollte. Sie meinte daraufhin zu mir: „Wir haben keine Zeit und wollen mit dem Morgenkreis beginnen.“ Dann packte sie Julian unter den Armen und setzte ihn auf den Stuhl mit den Worten: „So machen wir das hier!“</p>
