{"id":3248,"date":"2024-04-16T12:05:49","date_gmt":"2024-04-16T10:05:49","guid":{"rendered":"https:\/\/projekte2.hs-magdeburg.de\/praxisreflektiert\/?post_type=educase&#038;p=3248"},"modified":"2024-05-03T13:27:38","modified_gmt":"2024-05-03T11:27:38","slug":"hilf-mir","status":"publish","type":"educase","link":"https:\/\/projekte2.hs-magdeburg.de\/praxisreflektiert\/educase\/hilf-mir\/","title":{"rendered":"\u201eHilf mir\u201c"},"content":{"rendered":"<p>Das darstellende Erlebnis ereignete sich w\u00e4hrend des studentischen Praktikums in einer Kindertagesst\u00e4tte. Zum Ende der absolvierenden Praxiszeit ergab sich eine pr\u00e4gnante Situation in der best\u00e4ndigen Kindergartengruppe in der ich w\u00e4hrend des Praktikums \u00fcberwiegend stationiert war. Die Kindergruppe, welche aus der Altersspanne zwischen 4 bis 6 Jahren bestand, sollte sich anziehen, um den ans\u00e4ssigen Spielplatz der Kita zu besuchen. W\u00e4hrend alle Kinder damit besch\u00e4ftigt waren ihre Au\u00dfenkleidung anziehen, entzog sich ein Kind dem ganzen Trubel und versteckte sich im Gruppenraum. Die 2 weiteren Fachkr\u00e4fte und ich waren mit ankleidenden Kinder in der Garderobe befasst, so dass das Fehlen des Kindes erst nicht auffiel. Nachdem eine Fachkraft die Gruppenr\u00e4ume kontrollierte, entdeckte sie das spielende Kind, welches nicht aufh\u00f6ren wollte zu spielen. Nachdem die Fachkraft das Kind aufforderte sich anziehen, ert\u00f6nte Geschrei seitens des Kindes aus dem Gruppenraum, in der es sich aufhielt. Das Kind weigerte sich die Au\u00dfenkleidung anzuziehen und mit nach drau\u00dfen zu gehen, die Fachkraft griff das Kind und schob es widerwillig in die Garderobe in der es sich ankleiden sollte. Obwohl das Kind mehrmals wiederholte nicht nach drau\u00dfen zu wollen, dr\u00e4ngte die Fachkraft das Kind sich zeitnah anzuziehen. Das Kind rief daraufhin mehrmals \u201eHilf mir\u201c und meinen Namen, w\u00e4hrend ich unschl\u00fcssig \u00fcber das weitere Verfahren der Situation war, entgegnete mir die Fachkraft das ich mit den anderen Kindern und der weiteren Fachkraft zum Spielplatz gehen soll. Daraufhin gingen wir los. Das Kind schrie weiter bis sich die Eingangst\u00fcr schloss \u201eHilf mir\u201c und meinen Namen.<\/p>\n","protected":false},"author":1,"featured_media":0,"parent":0,"comment_status":"open","ping_status":"closed","template":"","meta":{"footnotes":""},"educase-activityfield":[85],"educase-tag":[155],"class_list":["post-3248","educase","type-educase","status-publish","hentry","educase-activityfield-kindergarten","educase-tag-praktikum"],"_links":{"self":[{"href":"https:\/\/projekte2.hs-magdeburg.de\/praxisreflektiert\/wp-json\/wp\/v2\/educase\/3248"}],"collection":[{"href":"https:\/\/projekte2.hs-magdeburg.de\/praxisreflektiert\/wp-json\/wp\/v2\/educase"}],"about":[{"href":"https:\/\/projekte2.hs-magdeburg.de\/praxisreflektiert\/wp-json\/wp\/v2\/types\/educase"}],"author":[{"embeddable":true,"href":"https:\/\/projekte2.hs-magdeburg.de\/praxisreflektiert\/wp-json\/wp\/v2\/users\/1"}],"replies":[{"embeddable":true,"href":"https:\/\/projekte2.hs-magdeburg.de\/praxisreflektiert\/wp-json\/wp\/v2\/comments?post=3248"}],"version-history":[{"count":1,"href":"https:\/\/projekte2.hs-magdeburg.de\/praxisreflektiert\/wp-json\/wp\/v2\/educase\/3248\/revisions"}],"predecessor-version":[{"id":3249,"href":"https:\/\/projekte2.hs-magdeburg.de\/praxisreflektiert\/wp-json\/wp\/v2\/educase\/3248\/revisions\/3249"}],"wp:attachment":[{"href":"https:\/\/projekte2.hs-magdeburg.de\/praxisreflektiert\/wp-json\/wp\/v2\/media?parent=3248"}],"wp:term":[{"taxonomy":"educase-activityfield","embeddable":true,"href":"https:\/\/projekte2.hs-magdeburg.de\/praxisreflektiert\/wp-json\/wp\/v2\/educase-activityfield?post=3248"},{"taxonomy":"educase-tag","embeddable":true,"href":"https:\/\/projekte2.hs-magdeburg.de\/praxisreflektiert\/wp-json\/wp\/v2\/educase-tag?post=3248"}],"curies":[{"name":"wp","href":"https:\/\/api.w.org\/{rel}","templated":true}]}}

<p>Das darstellende Erlebnis ereignete sich während des studentischen Praktikums in einer Kindertagesstätte. Zum Ende der absolvierenden Praxiszeit ergab sich eine prägnante Situation in der beständigen Kindergartengruppe in der ich während des Praktikums überwiegend stationiert war. Die Kindergruppe, welche aus der Altersspanne zwischen 4 bis 6 Jahren bestand, sollte sich anziehen, um den ansässigen Spielplatz der Kita zu besuchen. Während alle Kinder damit beschäftigt waren ihre Außenkleidung anziehen, entzog sich ein Kind dem ganzen Trubel und versteckte sich im Gruppenraum. Die 2 weiteren Fachkräfte und ich waren mit ankleidenden Kinder in der Garderobe befasst, so dass das Fehlen des Kindes erst nicht auffiel. Nachdem eine Fachkraft die Gruppenräume kontrollierte, entdeckte sie das spielende Kind, welches nicht aufhören wollte zu spielen. Nachdem die Fachkraft das Kind aufforderte sich anziehen, ertönte Geschrei seitens des Kindes aus dem Gruppenraum, in der es sich aufhielt. Das Kind weigerte sich die Außenkleidung anzuziehen und mit nach draußen zu gehen, die Fachkraft griff das Kind und schob es widerwillig in die Garderobe in der es sich ankleiden sollte. Obwohl das Kind mehrmals wiederholte nicht nach draußen zu wollen, drängte die Fachkraft das Kind sich zeitnah anzuziehen. Das Kind rief daraufhin mehrmals „Hilf mir“ und meinen Namen, während ich unschlüssig über das weitere Verfahren der Situation war, entgegnete mir die Fachkraft das ich mit den anderen Kindern und der weiteren Fachkraft zum Spielplatz gehen soll. Daraufhin gingen wir los. Das Kind schrie weiter bis sich die Eingangstür schloss „Hilf mir“ und meinen Namen.</p>
