{"id":3318,"date":"2024-09-13T09:13:15","date_gmt":"2024-09-13T07:13:15","guid":{"rendered":"https:\/\/projekte2.hs-magdeburg.de\/praxisreflektiert\/?post_type=educase&#038;p=3318"},"modified":"2024-09-13T09:18:03","modified_gmt":"2024-09-13T07:18:03","slug":"sei-doch-selber-leise","status":"publish","type":"educase","link":"https:\/\/projekte2.hs-magdeburg.de\/praxisreflektiert\/educase\/sei-doch-selber-leise\/","title":{"rendered":"Sei doch selber leise!"},"content":{"rendered":"<p>Die im folgenden beschriebene Situation fand w\u00e4hrend der Schlafwache in der<br \/>\nVorschulgruppe statt. Die zust\u00e4ndige Fachkraft wurde von mir abgel\u00f6st, damit sie in die<br \/>\nPause gehen konnte. Somit befand ich mich zu dieser Zeit alleine mit den acht Kindern.<br \/>\nDie Altersspanne der Kinder lag bei f\u00fcnf bis sechs Jahren. Das aktiv beteiligte Kind war zu<br \/>\ndiesem Zeitpunkt f\u00fcnf Jahre alt.<br \/>\n&#8211; S C H L A F R A U M &#8211;<br \/>\nW\u00e4hrend der Ruhezeit beobachte ich, wie das Kind beginnt seinem Fu\u00df auf die Matratze<br \/>\neines anderen Kindes zu packen und lacht dabei. Um Unruhe und St\u00f6rungen beim Schlafen<br \/>\nder anderen Kinder zu vermeiden, bitte ich das Kind auf der eigenen Matratze zu bleiben<br \/>\nund sich weiterhin leise zu verhalten, da noch einige Kinder schliefen. Nach wiederholtem<br \/>\nAnsprechen schritt ich in die Situation ein, indem ich mich zwischen beiden Matratzen<br \/>\nsetzte. Das Kind setzte sich daraufhin aufrechthin und schaut mir w\u00fctend in die Augen.<br \/>\nDabei fielen folgende Aussagen:<br \/>\n\u201ePssscht, sei doch selber leise!\u201c<br \/>\n\u201eIch habe einen Vorschlag f\u00fcr dich, weil du so b\u00f6se bist. Du kommst zu mir nach Hause<br \/>\nund dann gehen wir nach unten und dann sperre ich dich in die R\u00e4ucherkammer ein, weil<br \/>\nes dort sehr, sehr dunkel ist.\u201c<br \/>\n\u201eIch bin viel st\u00e4rker als du\u201c *Andeutung von Boxen ins Gesicht*<br \/>\n(sp\u00e4ter k\u00f6rperlich \u00fcbergriffig durch Schlagen aufs Knie)<br \/>\n\u201eWollen wir jetzt k\u00e4mpfen?\u201c (nur sinngem\u00e4\u00df erfasst)<br \/>\nIch versuchte mit dem Ausdr\u00fccken meiner Gef\u00fchle dem Kind sein Verhalten<br \/>\nwiderzuspiegeln. W\u00e4hrend der Konfrontation wurden weitere Kinder wach und<br \/>\nbeschwerten sich \u00fcber das Verhalten des Kindes. Darauf reagierte das Kind ver\u00e4rgert und<br \/>\nerwiderte zu den Kindern: \u201eHalt dich daraus!\u201c<br \/>\n\u201eSei leise, [Name des Kindes]\u201c<br \/>\nAus anderen Situationen w\u00e4hrend der Schlafwache war mir bekannt, dass das Kind es nicht<br \/>\nmag, wenn man zu nahe an seiner Matratze dran ist. Es schien mir, als ob er in diesem<br \/>\nMoment auch etwas Abstand brauchte, weshalb ich mit ihm vereinbarte mich wieder auf<br \/>\nmeinem Stuhl zu setzen und er darauf sich ruhig verh\u00e4lt. Bald danach kam die<br \/>\np\u00e4dagogische Fachkraft aus der Pause, um mich abzul\u00f6sen.<\/p>\n","protected":false},"author":1,"featured_media":0,"parent":0,"comment_status":"open","ping_status":"closed","template":"","meta":{"footnotes":""},"educase-activityfield":[85],"educase-tag":[163,202,148],"class_list":["post-3318","educase","type-educase","status-publish","hentry","educase-activityfield-kindergarten","educase-tag-kommunikation","educase-tag-macht","educase-tag-provokation"],"_links":{"self":[{"href":"https:\/\/projekte2.hs-magdeburg.de\/praxisreflektiert\/wp-json\/wp\/v2\/educase\/3318"}],"collection":[{"href":"https:\/\/projekte2.hs-magdeburg.de\/praxisreflektiert\/wp-json\/wp\/v2\/educase"}],"about":[{"href":"https:\/\/projekte2.hs-magdeburg.de\/praxisreflektiert\/wp-json\/wp\/v2\/types\/educase"}],"author":[{"embeddable":true,"href":"https:\/\/projekte2.hs-magdeburg.de\/praxisreflektiert\/wp-json\/wp\/v2\/users\/1"}],"replies":[{"embeddable":true,"href":"https:\/\/projekte2.hs-magdeburg.de\/praxisreflektiert\/wp-json\/wp\/v2\/comments?post=3318"}],"version-history":[{"count":2,"href":"https:\/\/projekte2.hs-magdeburg.de\/praxisreflektiert\/wp-json\/wp\/v2\/educase\/3318\/revisions"}],"predecessor-version":[{"id":3326,"href":"https:\/\/projekte2.hs-magdeburg.de\/praxisreflektiert\/wp-json\/wp\/v2\/educase\/3318\/revisions\/3326"}],"wp:attachment":[{"href":"https:\/\/projekte2.hs-magdeburg.de\/praxisreflektiert\/wp-json\/wp\/v2\/media?parent=3318"}],"wp:term":[{"taxonomy":"educase-activityfield","embeddable":true,"href":"https:\/\/projekte2.hs-magdeburg.de\/praxisreflektiert\/wp-json\/wp\/v2\/educase-activityfield?post=3318"},{"taxonomy":"educase-tag","embeddable":true,"href":"https:\/\/projekte2.hs-magdeburg.de\/praxisreflektiert\/wp-json\/wp\/v2\/educase-tag?post=3318"}],"curies":[{"name":"wp","href":"https:\/\/api.w.org\/{rel}","templated":true}]}}

<p>Die im folgenden beschriebene Situation fand während der Schlafwache in der<br />
Vorschulgruppe statt. Die zuständige Fachkraft wurde von mir abgelöst, damit sie in die<br />
Pause gehen konnte. Somit befand ich mich zu dieser Zeit alleine mit den acht Kindern.<br />
Die Altersspanne der Kinder lag bei fünf bis sechs Jahren. Das aktiv beteiligte Kind war zu<br />
diesem Zeitpunkt fünf Jahre alt.<br />
&#8211; S C H L A F R A U M &#8211;<br />
Während der Ruhezeit beobachte ich, wie das Kind beginnt seinem Fuß auf die Matratze<br />
eines anderen Kindes zu packen und lacht dabei. Um Unruhe und Störungen beim Schlafen<br />
der anderen Kinder zu vermeiden, bitte ich das Kind auf der eigenen Matratze zu bleiben<br />
und sich weiterhin leise zu verhalten, da noch einige Kinder schliefen. Nach wiederholtem<br />
Ansprechen schritt ich in die Situation ein, indem ich mich zwischen beiden Matratzen<br />
setzte. Das Kind setzte sich daraufhin aufrechthin und schaut mir wütend in die Augen.<br />
Dabei fielen folgende Aussagen:<br />
„Pssscht, sei doch selber leise!“<br />
„Ich habe einen Vorschlag für dich, weil du so böse bist. Du kommst zu mir nach Hause<br />
und dann gehen wir nach unten und dann sperre ich dich in die Räucherkammer ein, weil<br />
es dort sehr, sehr dunkel ist.“<br />
„Ich bin viel stärker als du“ *Andeutung von Boxen ins Gesicht*<br />
(später körperlich übergriffig durch Schlagen aufs Knie)<br />
„Wollen wir jetzt kämpfen?“ (nur sinngemäß erfasst)<br />
Ich versuchte mit dem Ausdrücken meiner Gefühle dem Kind sein Verhalten<br />
widerzuspiegeln. Während der Konfrontation wurden weitere Kinder wach und<br />
beschwerten sich über das Verhalten des Kindes. Darauf reagierte das Kind verärgert und<br />
erwiderte zu den Kindern: „Halt dich daraus!“<br />
„Sei leise, [Name des Kindes]“<br />
Aus anderen Situationen während der Schlafwache war mir bekannt, dass das Kind es nicht<br />
mag, wenn man zu nahe an seiner Matratze dran ist. Es schien mir, als ob er in diesem<br />
Moment auch etwas Abstand brauchte, weshalb ich mit ihm vereinbarte mich wieder auf<br />
meinem Stuhl zu setzen und er darauf sich ruhig verhält. Bald danach kam die<br />
pädagogische Fachkraft aus der Pause, um mich abzulösen.</p>
